ase 16
-18242
What is -223103223 (base 5) in base 7?
-11253200
What is -4206726 (base 8) in base 6?
-35542154
Convert 55480 (base 14) to base 3.
101111112102
Convert 169027 (base 10) to base 11.
105aa1
Convert -627c9 (base 14) to base 5.
-30100113
What is -112104002 (base 5) in base 3?
-221120211212
Convert 2709b6 (base 14) to base 13.
381b49
What is 58328 (base 15) in base 7?
2246525
Convert b30b1 (base 13) to base 14.
84d3c
What is -1010222210021 (base 3) in base 4?
-2110323202
What is 167718 (base 9) in base 6?
2121542
Convert 1000010101101011000 (base 2) to base 13.
974a6
Convert -3325723 (base 8) to base 3.
-1200112000112
1b2e6 (base 15) to base 3
11111021200
24224343 (base 5) to base 7
1633236
What is -84a119 (base 13) in base 7?
-35256402
What is -10111111010101111010 (base 2) in base 8?
-2772572
-2313133233 (base 4) to base 5
-143022344
Convert -2247a2 (base 13) to base 6.
-25205043
Convert -1121002201101 (base 3) to base 9.
-1532641
Convert -6ba477 (base 12) to base 6.
-101135031
What is 211201221221102 (base 3) in base 11?
6904371
41402353 (base 6) to base 15
189ebc
-1b54b6 (base 13) to base 9
-1272428
Convert -6325530 (base 7) to base 13.
-20944b
What is -5251051 (base 6) in base 8?
-763107
2853233 (base 10) to base 8
12704561
What is -83d39 (base 14) in base 12?
-134153
Convert -203611 (base 9) to base 6.
-2331101
What is -1010010011101011101 (base 2) in base 8?
-1223535
What is bfb64 (base 16) in base 10?
785252
What is 52527122 (base 8) in base 16?
aaae52
What is 518862 (base 12) in base 10?
1279946
What is -404001 (base 5) in base 3?
-122211112
121568 (base 9) to base 15
16b12
-112110301 (base 4) to base 16
-16531
21104301 (base 7) to base 11
1008706
Convert -4967640 (base 10) to base 8.
-22746330
What is -110111111001101110010 (base 2) in base 15?
-262b49
What is -1512616 (base 7) in base 11?
-130095
What is -47a77b (base 12) in base 13?
-317624
Convert -1862db (base 16) to base 7.
-16404251
Convert 270106 (base 9) to base 13.
59910
Convert -60a5049 (base 11) to base 3.
-202021210210021
What is 177423 (base 9) in base 16?
1af58
What is 11212210323 (base 4) in base 6?
51251403
What is 5c9cec (base 16) in base 5?
3023210414
What is -2bcc7 (base 15) in base 14?
-396a2
What is 514542 (base 13) in base 8?
7164471
What is c0681f (base 16) in base 6?
1130133343
What is 3752a9 (base 16) in base 11?
2056aa8
What is -131216 (base 8) in base 2?
-1011001010001110
37d8e (base 15) to base 9
301838
Convert -7cfe33 (base 16) to base 5.
-4044112124
Convert -108b6b (base 14) to base 9.
-1045854
Convert 186c37c (base 14) to base 6.
1111133054
Convert 10472a (base 11) to base 2.
101000110101010110
What is 4252320 (base 6) in base 3?
101121222110
Convert -9d2 (base 16) to base 4.
-213102
Convert 169e5 (base 15) to base 13.
27383
-34410351 (base 6) to base 2
-100000010100010011011
What is 111200020121 (base 3) in base 4?
1001231323
Convert -122422 (base 6) to base 15.
-33a8
What is 1231011200 (base 4) in base 11?
285777
2200301231 (base 4) to base 7
5411642
Convert 1144241310 (base 5) to base 15.
38d320
444034404 (base 5) to base 6
105325215
What is -101033220 (base 4) in base 8?
-211750
-13748 (base 15) to base 11
-42971
16b784 (base 12) to base 6
12233044
-5207c (base 13) to base 12
-712b2
What is -11262b2 (base 14) in base 4?
-133020132310
What is -15451452 (base 6) in base 5?
-120114232
-34638 (base 14) to base 8
-370732
-21638a (base 14) to base 9
-2113681
What is 91fd66 (base 16) in base 3?
200000002021012
-10110115 (base 6) to base 12
-11b33b
28337 (base 11) to base 9
61284
What is -13333031131 (base 4) in base 7?
-23540500
Convert -73714 (base 10) to base 12.
-367aa
What is 1448a07 (base 12) in base 15?
558b37
265a5 (base 16) to base 5
20011333
2022112221102 (base 3) to base 8
4544606
Convert 1b68224 (base 13) to base 12.
306a49a
What is -164642 (base 7) in base 2?
-1000000010001101
-11818 (base 11) to base 15
-5059
Convert 2621562 (base 10) to base 8.
12000172
Convert -24404440 (base 6) to base 11.
-491aa8
What is 301033241 (base 5) in base 3?
2020110010110
What is ffc5 (base 16) in base 7?
361616
Convert -2873a8 (base 11) to base 3.
-211210221200
741452 (base 8) to base 7
2044602
-31312243 (base 5) to base 8
-774343
What is -1110011110000010100 (base 2) in base 5?
-110133012
What is -34213424 (base 7) in base 6?
-143501135
What is 24441324 (base 5) in base 12?
b3490
What is 656510 (base 8) in base 12?
a7720
Convert -a0adf2 (base 16) to base 11.
-5a42621
Convert -354030 (base 9) to base 4.
-303332133
What is -261f0 (base 16) in base 5?
-14444034
-33040 (base 12) to base 16
-10770
205221013 (base 6) to base 4
31301210001
-516110 (base 7) to base 13
-313c7
25385711 (base 9) to base 12
4208ab4
-1a835 (base 13) to base 2
-1100101011010111
230321010012 (base 4) to base 2
101100111001000100000110
Convert -1da12 (base 15) to base 16.
-179ff
Convert 264046105 (base 7) to base 11.
962a195
Convert -11517 (base 16) to base 2.
-10001010100010111
Convert -1011100110000111 (base 2) to base 16.
-b987
Convert -b5431 (base 12) to base 11.
-152362
-2d2aff (base 16) to base 12
-ba9053
What is -202022210 (base 3) in base 2?
-11100111100001
22204300 (base 5) to base 10
194325
Convert -101011000001100001100 (base 2) to base 9.
-2577788
What is -27a07 (base 16) in base 6?
-3251235
Convert 155324254 (base 7) to base 4.
220022030011
What is -79a525 (base 14) in base 2?
-1111110010011111010101
5327161 (base 8) to base 13
3a99a0
Convert -1151144 (base 6) to base 13.
-21b11
-656838 (base 9) to base 16
-5fbdc
bc2a0 (base 14) to base 8
1572544
What is -2805a7 (base 11) in base 7?
-3511442
Convert 1011101100001010110110 (base 2) to base 5.
1241031002
Convert -8548447 (base 11) to base 13.
-316b153
What is -252013122 (base 6) in base 8?
-22410712
50dd71 (base 15) to base 8
16523305
What is -95761 (base 11) in base 14?
-38aca
-19732 (base 10) to base 7
-111346
-960b2 (base 13) to base 7
-2204161
-33343453 (base 6) to base 3
-1220021020120
What is 602932 (base 11) in base 12?
3a9490
346b1 (base 16) to base 11
137347
-277367 (base 8) to base 11
-67727
Convert 2238608 (base 12) to base 11.
3771567
Convert 1000222212212220 (base 3) to base 13.
310bcc6
What is 31043244 (base 5) in base 14?
6827b
16d49 (base 16) to base 5
10443023
Convert 89036 (base 12) to base 16.
2c4ea
Convert 133331224 (base 5) to base 6.
22351254
-113433 (base 14) to base 3
-1002201212211
Convert 25514622 (base 8) to base 4.
111221212102
137950 (base 12) to base 8
1171614
221403 (base 10) to base 11
141386
-1051912 (base 10) to base 5
-232130122
Convert 100112222212 (base 3) to base 10.
188078
36109a (base 12) to base 14
18a0bc
101110100001 (base 2) to base 12
1881
What is -29b47b9 (base 12) in base 13?
-199a0b5
What is -55929 (base 16) in base 12?
-14aa09
What is 1110011010111110 (base 2) in base 12?
2a226
What is -427021 (base 11) in base 9?
-1250585
246030 (base 7) to base 5
2422142
Convert 241204 (base 9) to base 7.
1143301
-161b71 (base 14) to base 12
-313633
Convert 10111010010001 (base 2) to base 14.
44b7
Convert -8b2d9 (base 14) to base 8.
-1224257
Convert -100111010000010000000 (base 2) to base 4.
-10322002000
-13b8 (base 14) to base 6
-24102
Convert 28b7d (base 15) to base 8.
377433
101233123 (base 4) to base 9
120611
-15954 (base 11) to base 3
-1010210021
What is 103a9b9 (base 14) in base 16?
751927
433430155 (base 6) to base 12
270b35b
Convert -10432352 (base 7) to base 4.
-3123130130
-16404151 (base 7) to base 13
-43c546
Convert -31020440 (base 5) to base 10.
-251370
Convert 2100011222 (base 3) to base 4.
23033231
394b9b (base 16) to base 5
1430124112
Convert 17a166 (base 11) to base 10.
277041
Convert 199a81 (base 11) to base 7.
2413262
-1001001000110011010 (base 2) to base 9
-505646
What is 13123314 (base 5) in base 7?
1050345
110110000110001111100 (base 2) to base 15
25037d
Convert -11100001010100111101 (base 2) to base 4.
-3201110331
577168 (base 11) to base 7
10540132
-371156 (base 9) to base 8
-665277
-10243014 (base 5) to base 9
-142624
Convert d90d58 (base 14) to base 8.
34000062
412780 (base 9) to base 3
110102212200
11111100101100111001 (base 2) to base 5
231110230
Convert 355 (base 8) to base 5.
1422
Convert 10211122202 (base 3) to base 8.
223456
-2337579 (base 11) to base 3
-21